{"id":213,"date":"2010-08-30T10:26:44","date_gmt":"2010-08-30T13:26:44","guid":{"rendered":"http:\/\/graphein.tempsite.ws\/novosite\/?page_id=213"},"modified":"2013-07-19T18:26:15","modified_gmt":"2013-07-19T18:26:15","slug":"contato-curriculo","status":"publish","type":"page","link":"https:\/\/www.graphein.com.br\/?page_id=213","title":{"rendered":"Trabalhe Conosco"},"content":{"rendered":"<p style=\"text-align: justify;\"><em>Bem-vindo<\/em> ao <strong>Col\u00e9gio Graphein<\/strong>, um dos col\u00e9gios mais especializados no que se refere \u00e0s singularidades no processo de ensino e aprendizagem.<br \/>\nPara n\u00f3s, as pessoas est\u00e3o em primeiro lugar; valorizamos o talento e capacidade de cada profissional. \u00c9 gratificante para o col\u00e9gio ter uma equipe qualificada e unida; investindo sempre na pr\u00f3pria forma\u00e7\u00e3o.<br \/>\nCom a base de profissionais capacitados que comp\u00f5em nosso quadro de funcion\u00e1rios, alcan\u00e7amos grandes resultados. Sabemos e reconhecemos o quanto \u00e9 importante a atua\u00e7\u00e3o da equipe nos resultados e melhorias continuas de nossos alunos e procuramos sempre prospectar os olhares profissionais.<br \/>\nValorizamos a igualdade de oportunidades em nossos processos seletivos. O desempenho e o potencial s\u00e3o os par\u00e2metros que asseguram o crescimento profissional no Col\u00e9gio Graphein.<br \/>\nCadastre seu curr\u00edculo e fa\u00e7a parte de nosso banco de talentos. Quando surgirem vagas compat\u00edveis com seu perfil e qualifica\u00e7\u00f5es, entraremos em contato.<\/p>\n<p style=\"text-align: justify;\">[contact-form-7 id=&#8221;4318&#8243; title=&#8221;trabalheconosco&#8221;]<\/p>\n<iframe src=\"http:\/\/www.facebook.com\/plugins\/like.php?href=https%3A%2F%2Fwww.graphein.com.br%2F%3Fpage_id%3D213&amp;layout=standard&amp;show_faces=true&amp;width=450&amp;action=like&amp;colorscheme=light\" scrolling=\"no\" frameborder=\"0\" allowTransparency=\"true\" style=\"border:none; overflow:hidden; width:450px;margin-top:5px;\"><\/iframe>","protected":false},"excerpt":{"rendered":"<p>Bem-vindo ao Col\u00e9gio Graphein, um dos col\u00e9gios mais especializados no que se refere \u00e0s singularidades no processo de ensino e aprendizagem. Para n\u00f3s, as pessoas est\u00e3o em primeiro lugar; valorizamos o talento e capacidade de cada profissional. \u00c9 gratificante para o col\u00e9gio ter uma equipe qualificada e unida; investindo sempre na pr\u00f3pria forma\u00e7\u00e3o. Com a [&hellip;]<\/p>\n","protected":false},"author":1,"featured_media":0,"parent":0,"menu_order":0,"comment_status":"closed","ping_status":"open","template":"","meta":[],"_links":{"self":[{"href":"https:\/\/www.graphein.com.br\/index.php?rest_route=\/wp\/v2\/pages\/213"}],"collection":[{"href":"https:\/\/www.graphein.com.br\/index.php?rest_route=\/wp\/v2\/pages"}],"about":[{"href":"https:\/\/www.graphein.com.br\/index.php?rest_route=\/wp\/v2\/types\/page"}],"author":[{"embeddable":true,"href":"https:\/\/www.graphein.com.br\/index.php?rest_route=\/wp\/v2\/users\/1"}],"replies":[{"embeddable":true,"href":"https:\/\/www.graphein.com.br\/index.php?rest_route=%2Fwp%2Fv2%2Fcomments&post=213"}],"version-history":[{"count":2,"href":"https:\/\/www.graphein.com.br\/index.php?rest_route=\/wp\/v2\/pages\/213\/revisions"}],"predecessor-version":[{"id":4320,"href":"https:\/\/www.graphein.com.br\/index.php?rest_route=\/wp\/v2\/pages\/213\/revisions\/4320"}],"wp:attachment":[{"href":"https:\/\/www.graphein.com.br\/index.php?rest_route=%2Fwp%2Fv2%2Fmedia&parent=213"}],"curies":[{"name":"wp","href":"https:\/\/api.w.org\/{rel}","templated":true}]}}

<p style="text-align: justify;"><em>Bem-vindo</em> ao <strong>Colégio Graphein</strong>, um dos colégios mais especializados no que se refere às singularidades no processo de ensino e aprendizagem.<br />
Para nós, as pessoas estão em primeiro lugar; valorizamos o talento e capacidade de cada profissional. É gratificante para o colégio ter uma equipe qualificada e unida; investindo sempre na própria formação.<br />
Com a base de profissionais capacitados que compõem nosso quadro de funcionários, alcançamos grandes resultados. Sabemos e reconhecemos o quanto é importante a atuação da equipe nos resultados e melhorias continuas de nossos alunos e procuramos sempre prospectar os olhares profissionais.<br />
Valorizamos a igualdade de oportunidades em nossos processos seletivos. O desempenho e o potencial são os parâmetros que asseguram o crescimento profissional no Colégio Graphein.<br />
Cadastre seu currículo e faça parte de nosso banco de talentos. Quando surgirem vagas compatíveis com seu perfil e qualificações, entraremos em contato.</p>
<p style="text-align: justify;">[contact-form-7 id=&#8221;4318&#8243; title=&#8221;trabalheconosco&#8221;]</p>
<iframe src="http://www.facebook.com/plugins/like.php?href=https%3A%2F%2Fwww.graphein.com.br%2F%3Fpage_id%3D213&amp;layout=standard&amp;show_faces=true&amp;width=450&amp;action=like&amp;colorscheme=light" scrolling="no" frameborder="0" allowTransparency="true" style="border:none; overflow:hidden; width:450px;margin-top:5px;"></iframe>

<p>Bem-vindo ao Colégio Graphein, um dos colégios mais especializados no que se refere às singularidades no processo de ensino e aprendizagem. Para nós, as pessoas estão em primeiro lugar; valorizamos o talento e capacidade de cada profissional. É gratificante para o colégio ter uma equipe qualificada e unida; investindo sempre na própria formação. Com a [&hellip;]</p>
