{"id":39,"date":"2010-08-24T21:45:54","date_gmt":"2010-08-24T21:45:54","guid":{"rendered":"http:\/\/graphein.tempsite.ws\/novosite\/?page_id=39"},"modified":"2010-08-24T21:45:54","modified_gmt":"2010-08-24T21:45:54","slug":"equipe","status":"publish","type":"page","link":"https:\/\/www.graphein.com.br\/?page_id=39","title":{"rendered":"Equipe"},"content":{"rendered":"<h2><strong>Equipe administrativa<\/strong><\/h2>\n<p style=\"text-align: justify;\">A equipe administrativa \u00e9 supervisionada e inclu\u00edda no projeto educacional da escola, pois entendemos que todo contato \u00e9 educativo, tanto aquele que se d\u00e1 no \u00e2mbito da sala de aula, quanto o que se d\u00e1 na cantina, na portaria etc.<\/p>\n<h2><strong>Equipe t\u00e9cnica<\/strong><\/h2>\n<p style=\"text-align: justify;\">A equipe t\u00e9cnica \u00e9 composta de profissionais especializados no trabalho com um amplo espectro de dificuldades de aprendizagem.<\/p>\n<iframe src=\"http:\/\/www.facebook.com\/plugins\/like.php?href=https%3A%2F%2Fwww.graphein.com.br%2F%3Fpage_id%3D39&amp;layout=standard&amp;show_faces=true&amp;width=450&amp;action=like&amp;colorscheme=light\" scrolling=\"no\" frameborder=\"0\" allowTransparency=\"true\" style=\"border:none; overflow:hidden; width:450px;margin-top:5px;\"><\/iframe>","protected":false},"excerpt":{"rendered":"<p>Equipe administrativa A equipe administrativa \u00e9 supervisionada e inclu\u00edda no projeto educacional da escola, pois entendemos que todo contato \u00e9 educativo, tanto aquele que se d\u00e1 no \u00e2mbito da sala de aula, quanto o que se d\u00e1 na cantina, na portaria etc. Equipe t\u00e9cnica A equipe t\u00e9cnica \u00e9 composta de profissionais especializados no trabalho com [&hellip;]<\/p>\n","protected":false},"author":1,"featured_media":0,"parent":0,"menu_order":0,"comment_status":"open","ping_status":"open","template":"","meta":[],"_links":{"self":[{"href":"https:\/\/www.graphein.com.br\/index.php?rest_route=\/wp\/v2\/pages\/39"}],"collection":[{"href":"https:\/\/www.graphein.com.br\/index.php?rest_route=\/wp\/v2\/pages"}],"about":[{"href":"https:\/\/www.graphein.com.br\/index.php?rest_route=\/wp\/v2\/types\/page"}],"author":[{"embeddable":true,"href":"https:\/\/www.graphein.com.br\/index.php?rest_route=\/wp\/v2\/users\/1"}],"replies":[{"embeddable":true,"href":"https:\/\/www.graphein.com.br\/index.php?rest_route=%2Fwp%2Fv2%2Fcomments&post=39"}],"version-history":[{"count":0,"href":"https:\/\/www.graphein.com.br\/index.php?rest_route=\/wp\/v2\/pages\/39\/revisions"}],"wp:attachment":[{"href":"https:\/\/www.graphein.com.br\/index.php?rest_route=%2Fwp%2Fv2%2Fmedia&parent=39"}],"curies":[{"name":"wp","href":"https:\/\/api.w.org\/{rel}","templated":true}]}}

<h2><strong>Equipe administrativa</strong></h2>
<p style="text-align: justify;">A equipe administrativa é supervisionada e incluída no projeto educacional da escola, pois entendemos que todo contato é educativo, tanto aquele que se dá no âmbito da sala de aula, quanto o que se dá na cantina, na portaria etc.</p>
<h2><strong>Equipe técnica</strong></h2>
<p style="text-align: justify;">A equipe técnica é composta de profissionais especializados no trabalho com um amplo espectro de dificuldades de aprendizagem.</p>
<iframe src="http://www.facebook.com/plugins/like.php?href=https%3A%2F%2Fwww.graphein.com.br%2F%3Fpage_id%3D39&amp;layout=standard&amp;show_faces=true&amp;width=450&amp;action=like&amp;colorscheme=light" scrolling="no" frameborder="0" allowTransparency="true" style="border:none; overflow:hidden; width:450px;margin-top:5px;"></iframe>

<p>Equipe administrativa A equipe administrativa é supervisionada e incluída no projeto educacional da escola, pois entendemos que todo contato é educativo, tanto aquele que se dá no âmbito da sala de aula, quanto o que se dá na cantina, na portaria etc. Equipe técnica A equipe técnica é composta de profissionais especializados no trabalho com [&hellip;]</p>
