{"id":70,"date":"2010-08-25T14:14:22","date_gmt":"2010-08-25T17:14:22","guid":{"rendered":"http:\/\/graphein.tempsite.ws\/novosite\/?page_id=70"},"modified":"2010-08-25T14:14:22","modified_gmt":"2010-08-25T17:14:22","slug":"depoimentos","status":"publish","type":"page","link":"https:\/\/www.graphein.com.br\/?page_id=70","title":{"rendered":"Depoimentos"},"content":{"rendered":"<p style=\"text-align: justify;\">Sou m\u00e3e de um dos alunos do Col\u00e9gio Graphein e tenho uma grande hist\u00f3ria para contar: Tenho um filho hoje com 10 anos, mas minha \u201cluta\u201d com ele come\u00e7ou h\u00e1 8 anos.<\/p>\n<p style=\"text-align: justify;\">Foram 8 longos anos, buscando ajuda, respostas e caminhos. Meu filho n\u00e3o conseguia se adaptar ao sistema de uma escola tradicional, eu sabia que havia uma dificuldade, mas o que mais me desesperava \u00e9 que ele n\u00e3o era compreendido, n\u00e3o encontrava professores preparados para lidar com as situa\u00e7\u00f5es; caminh\u00e1vamos sozinhos; uma luta contra o tempo. Sentimos uma das piores dores que o ser humano pode passar: o preconceito. Meu filho foi considerado pelos problemas como: altista, atrasado, limitado e o pior: que tinha problemas espirituais. Me desesperava estar ao lado de profissionais que n\u00e3o sabia nem ao menos o que ele tinha.<\/p>\n<p style=\"text-align: justify;\">E foi ao ver o meu desespero que minha irm\u00e3, morando em Nova York, come\u00e7ou a pesquisar na internet sobre crian\u00e7as com dificuldade de aprendizado. Leu um artigo que a Doutora, N\u00edvea Maria Fabr\u00edcio havia escrito. Ent\u00e3o, a minha irm\u00e3, passou um e-mail para ela, contando minha hist\u00f3ria e ela prontamente me atendeu. Marcamos uma entrevista no Col\u00e9gio Graphein onde ela \u00e9 a Diretora para que ela pudesse me ouvir.<\/p>\n<p style=\"text-align: justify;\">Parecia um sonho, um dos profissionais mais respeit\u00e1veis no assunto iria me ouvir. Cheguei l\u00e1 com o cora\u00e7\u00e3o apertado! Eu precisava apenas saber o que meu filho tinha. Algu\u00e9m que me mostrasse um caminho, alguma coisa que eu pudesse fazer para ajud\u00e1-lo. Quando fui ao Col\u00e9gio para falar com os profissionais, contei toda minha trajet\u00f3ria, tudo que havia passado, ela conseguiu compreender exatamente o que estava acontecendo, senti uma seguran\u00e7a imensa nas suas palavras, na seriedade da proposta do Col\u00e9gio. Ela me disse que eles iriam fazer algumas avalia\u00e7\u00f5es, e a\u00ed sim, poderia me dizer ao certo que meu filho tinha. E qual seria o caminho. S\u00f3 eu e Deus sabemos ao certo todo o sofrimento e preconceito que passamos durante esses 8 anos.<\/p>\n<p style=\"text-align: justify;\">Depois das avalia\u00e7\u00f5es ela conseguiu fechar um quadro e me falar que existia um caminho. O Col\u00e9gio foi solid\u00e1rio comigo, se compadeceu da nossa causa e abra\u00e7aram-na junto com a gente.<\/p>\n<p style=\"text-align: justify;\">O Col\u00e9gio para mim \u00e9 um porto seguro. N\u00e3o sabia que existia um lugar onde havia uma forma diferente de aprender. O col\u00e9gio abra\u00e7ou meu filho com amor, com respeito que at\u00e9 hoje me emociona. L\u00e1 dentro ele n\u00e3o \u00e9 um n\u00famero, um caso, ele \u00e9 um ser humano, respeitado e amado.<\/p>\n<p style=\"text-align: justify;\">Quando entrou no col\u00e9gio era uma crian\u00e7a com imensa baixa autoestima, se isolava, repetia com freq\u00fc\u00eancia que n\u00e3o conseguia fazer nada, chorava muito, andava de um lado para o outro falando sozinho, toda sua parte pedag\u00f3gica estava comprometida. Foi me dito com toda a seriedade que o processo de recupera\u00e7\u00e3o era lento, mas progressivo.<\/p>\n<p style=\"text-align: justify;\">Em apenas 8 meses tenho um novo filho. Hoje ele est\u00e1 se tornando cada dia mais seguro, n\u00e3o se isola, fala muito pouco sozinho, brinca e interage com outras crian\u00e7as. J\u00e1 est\u00e1 lendo, consegue escrever, joga no computador e principalmente, vejo um brilho em seus olhos. Ele est\u00e1 voltando a viver, sei que ele tem um longo caminho pela frente, mas vamos seguir juntos, pois sei que estamos no caminho.<\/p>\n<p style=\"text-align: justify;\">Tudo isso \u00e9 resultado do Col\u00e9gio Graphein, da for\u00e7a de Deus, na forma como eles trabalham.<\/p>\n<p style=\"text-align: justify;\">Sempre observei tudo, desde o in\u00edcio, o respeito e o carinho que tem com cada crian\u00e7a. A forma como os monitores (tios) recebem as crian\u00e7as \u2013 cada crian\u00e7a pela manh\u00e3. A seriedade dos profissionais, a forma que lutam para ajudar cada crian\u00e7a, o m\u00e9todo de ensino, a seriedade e o profissionalismo das pedagogas, dos professores a educa\u00e7\u00e3o das atendentes, todos eles est\u00e3o envolvidos em uma causa. O Col\u00e9gio Graphein \u00e9 uma grande fam\u00edlia. Sinto que a grande meta do Col\u00e9gio \u00e9 de devolver \u00e0s crian\u00e7as a chance de serem felizes. Pe\u00e7o sempre a Deus que aben\u00e7oe o Col\u00e9gio, n\u00e3o sei que seria da vida do meu filho se n\u00e3o tivesse encontrado-os. Eu conhe\u00e7o o outro lado da hist\u00f3ria e sei quantas crian\u00e7as seriam mais felizes se conhecessem o Col\u00e9gio Graphein.<\/p>\n<p style=\"text-align: justify;\">Posso resumidamente dizer:<\/p>\n<p style=\"text-align: justify;\">Eles conseguem resultados por que: AMAM o que fazem, e fazem tudo com muito amor.<\/p>\n<p style=\"text-align: justify;\">Que Deus aben\u00e7oe o Graphein.<\/p>\n<p style=\"text-align: justify;\">M\u00e3e de Aluno<\/p>\n<p style=\"text-align: center;\"><a href=\"?page_id=228\" target=\"_self\">ver mais depoimentos<\/a><\/p>\n<iframe src=\"http:\/\/www.facebook.com\/plugins\/like.php?href=https%3A%2F%2Fwww.graphein.com.br%2F%3Fpage_id%3D70&amp;layout=standard&amp;show_faces=true&amp;width=450&amp;action=like&amp;colorscheme=light\" scrolling=\"no\" frameborder=\"0\" allowTransparency=\"true\" style=\"border:none; overflow:hidden; width:450px;margin-top:5px;\"><\/iframe>","protected":false},"excerpt":{"rendered":"<p>Sou m\u00e3e de um dos alunos do Col\u00e9gio Graphein e tenho uma grande hist\u00f3ria para contar: Tenho um filho hoje com 10 anos, mas minha \u201cluta\u201d com ele come\u00e7ou h\u00e1 8 anos. Foram 8 longos anos, buscando ajuda, respostas e caminhos. Meu filho n\u00e3o conseguia se adaptar ao sistema de uma escola tradicional, eu sabia [&hellip;]<\/p>\n","protected":false},"author":1,"featured_media":0,"parent":0,"menu_order":0,"comment_status":"open","ping_status":"open","template":"page_fullwidth.php","meta":[],"_links":{"self":[{"href":"https:\/\/www.graphein.com.br\/index.php?rest_route=\/wp\/v2\/pages\/70"}],"collection":[{"href":"https:\/\/www.graphein.com.br\/index.php?rest_route=\/wp\/v2\/pages"}],"about":[{"href":"https:\/\/www.graphein.com.br\/index.php?rest_route=\/wp\/v2\/types\/page"}],"author":[{"embeddable":true,"href":"https:\/\/www.graphein.com.br\/index.php?rest_route=\/wp\/v2\/users\/1"}],"replies":[{"embeddable":true,"href":"https:\/\/www.graphein.com.br\/index.php?rest_route=%2Fwp%2Fv2%2Fcomments&post=70"}],"version-history":[{"count":1,"href":"https:\/\/www.graphein.com.br\/index.php?rest_route=\/wp\/v2\/pages\/70\/revisions"}],"predecessor-version":[{"id":5308,"href":"https:\/\/www.graphein.com.br\/index.php?rest_route=\/wp\/v2\/pages\/70\/revisions\/5308"}],"wp:attachment":[{"href":"https:\/\/www.graphein.com.br\/index.php?rest_route=%2Fwp%2Fv2%2Fmedia&parent=70"}],"curies":[{"name":"wp","href":"https:\/\/api.w.org\/{rel}","templated":true}]}}

<p style="text-align: justify;">Sou mãe de um dos alunos do Colégio Graphein e tenho uma grande história para contar: Tenho um filho hoje com 10 anos, mas minha “luta” com ele começou há 8 anos.</p>
<p style="text-align: justify;">Foram 8 longos anos, buscando ajuda, respostas e caminhos. Meu filho não conseguia se adaptar ao sistema de uma escola tradicional, eu sabia que havia uma dificuldade, mas o que mais me desesperava é que ele não era compreendido, não encontrava professores preparados para lidar com as situações; caminhávamos sozinhos; uma luta contra o tempo. Sentimos uma das piores dores que o ser humano pode passar: o preconceito. Meu filho foi considerado pelos problemas como: altista, atrasado, limitado e o pior: que tinha problemas espirituais. Me desesperava estar ao lado de profissionais que não sabia nem ao menos o que ele tinha.</p>
<p style="text-align: justify;">E foi ao ver o meu desespero que minha irmã, morando em Nova York, começou a pesquisar na internet sobre crianças com dificuldade de aprendizado. Leu um artigo que a Doutora, Nívea Maria Fabrício havia escrito. Então, a minha irmã, passou um e-mail para ela, contando minha história e ela prontamente me atendeu. Marcamos uma entrevista no Colégio Graphein onde ela é a Diretora para que ela pudesse me ouvir.</p>
<p style="text-align: justify;">Parecia um sonho, um dos profissionais mais respeitáveis no assunto iria me ouvir. Cheguei lá com o coração apertado! Eu precisava apenas saber o que meu filho tinha. Alguém que me mostrasse um caminho, alguma coisa que eu pudesse fazer para ajudá-lo. Quando fui ao Colégio para falar com os profissionais, contei toda minha trajetória, tudo que havia passado, ela conseguiu compreender exatamente o que estava acontecendo, senti uma segurança imensa nas suas palavras, na seriedade da proposta do Colégio. Ela me disse que eles iriam fazer algumas avaliações, e aí sim, poderia me dizer ao certo que meu filho tinha. E qual seria o caminho. Só eu e Deus sabemos ao certo todo o sofrimento e preconceito que passamos durante esses 8 anos.</p>
<p style="text-align: justify;">Depois das avaliações ela conseguiu fechar um quadro e me falar que existia um caminho. O Colégio foi solidário comigo, se compadeceu da nossa causa e abraçaram-na junto com a gente.</p>
<p style="text-align: justify;">O Colégio para mim é um porto seguro. Não sabia que existia um lugar onde havia uma forma diferente de aprender. O colégio abraçou meu filho com amor, com respeito que até hoje me emociona. Lá dentro ele não é um número, um caso, ele é um ser humano, respeitado e amado.</p>
<p style="text-align: justify;">Quando entrou no colégio era uma criança com imensa baixa autoestima, se isolava, repetia com freqüência que não conseguia fazer nada, chorava muito, andava de um lado para o outro falando sozinho, toda sua parte pedagógica estava comprometida. Foi me dito com toda a seriedade que o processo de recuperação era lento, mas progressivo.</p>
<p style="text-align: justify;">Em apenas 8 meses tenho um novo filho. Hoje ele está se tornando cada dia mais seguro, não se isola, fala muito pouco sozinho, brinca e interage com outras crianças. Já está lendo, consegue escrever, joga no computador e principalmente, vejo um brilho em seus olhos. Ele está voltando a viver, sei que ele tem um longo caminho pela frente, mas vamos seguir juntos, pois sei que estamos no caminho.</p>
<p style="text-align: justify;">Tudo isso é resultado do Colégio Graphein, da força de Deus, na forma como eles trabalham.</p>
<p style="text-align: justify;">Sempre observei tudo, desde o início, o respeito e o carinho que tem com cada criança. A forma como os monitores (tios) recebem as crianças – cada criança pela manhã. A seriedade dos profissionais, a forma que lutam para ajudar cada criança, o método de ensino, a seriedade e o profissionalismo das pedagogas, dos professores a educação das atendentes, todos eles estão envolvidos em uma causa. O Colégio Graphein é uma grande família. Sinto que a grande meta do Colégio é de devolver às crianças a chance de serem felizes. Peço sempre a Deus que abençoe o Colégio, não sei que seria da vida do meu filho se não tivesse encontrado-os. Eu conheço o outro lado da história e sei quantas crianças seriam mais felizes se conhecessem o Colégio Graphein.</p>
<p style="text-align: justify;">Posso resumidamente dizer:</p>
<p style="text-align: justify;">Eles conseguem resultados por que: AMAM o que fazem, e fazem tudo com muito amor.</p>
<p style="text-align: justify;">Que Deus abençoe o Graphein.</p>
<p style="text-align: justify;">Mãe de Aluno</p>
<p style="text-align: center;"><a href="?page_id=228" target="_self">ver mais depoimentos</a></p>
<iframe src="http://www.facebook.com/plugins/like.php?href=https%3A%2F%2Fwww.graphein.com.br%2F%3Fpage_id%3D70&amp;layout=standard&amp;show_faces=true&amp;width=450&amp;action=like&amp;colorscheme=light" scrolling="no" frameborder="0" allowTransparency="true" style="border:none; overflow:hidden; width:450px;margin-top:5px;"></iframe>

<p>Sou mãe de um dos alunos do Colégio Graphein e tenho uma grande história para contar: Tenho um filho hoje com 10 anos, mas minha “luta” com ele começou há 8 anos. Foram 8 longos anos, buscando ajuda, respostas e caminhos. Meu filho não conseguia se adaptar ao sistema de uma escola tradicional, eu sabia [&hellip;]</p>
